 - 5*x, -2*h = -2*x - 14. Suppose 15*f = h*f + 535. What is the tens digit of f?
0
Let w be (-3 + 2)*(167 + -167). Let t(l) = l + 1. Let v be t(1). Suppose 3*x + 3*s = 21, w = -2*x + v*s - 0*s - 6. What is the units digit of x?
2
Let j(y) = -y**2 + 9*y + 2. Let w be j(9). Suppose 0 = -w*g + 4*g + 44. Let o = -17 - g. What is the units digit of o?
5
Let d be 70/(-525) - (-31594)/30. Suppose 5565 - d = 8*x. What is the units digit of x?
4
Let v = 115 + -108. Let i(o) = o**3 - 3*o**2 - 5*o + 8. What is the units digit of i(v)?
9
Suppose -4*z + 2*x + 21 = -31, 5*z - 4*x = 65. Suppose 0 = -17*b + z*b + 2272. What is the units digit of b?
8
Suppose 44932 + 972779 = -151*j + 178*j. What is the hundreds digit of j?
6
Let h(a) = 25*a**2 - 5*a + 4. Let o be h(-4). Suppose 2*v + 4 = 0, -5*w - 2*v - 909 = 245. Let u = w + o. What is the tens digit of u?
9
Let u = 2972 + 418. Suppose -u = -4*z - 2*d, 0 = 2*z + 3*z + d - 4245. What is the hundreds digit of z?
8
Let i(h) = 1376*h**2 - 6*h + 2. Let q be i(2). Suppose -4*r + 1026 = -q. Suppose 10*m = 610 + r. What is the units digit of m?
4
Suppose -4*h = -31*t + 32*t - 19483, -2*t - 5*h = -38987. What is the tens digit of t?
1
Let n(c) = 204*c + 10. What is the tens digit of n(10)?
5
What is the tens digit of (9/(-18))/((-3)/31998)?
3
Let j = -60 + 114. Let a = 25 - j. Let l = -11 - a. What is the units digit of l?
8
Suppose 3*s = 2*s - 5*s + 34500. What is the hundreds digit of s?
7
Let t = 83 - 79. Suppose t*h = -4*c + 28, -6*h + h + 53 = -4*c. What is the units digit of (h/(-15))/((-2)/430)?
9
Let y(q) = q**3 + 3*q**2 - 11*q - 6. Let b be y(-5). What is the tens digit of 16646/145 + b/(-5)?
1
Let r(d) = -7*d - 11. Let j be r(-8). Let w = j + -44. What is the tens digit of (450/(-12))/1*(-1 - w)?
7
Let d = 58 + -52. What is the tens digit of ((-880)/(-14) + 7/49)*d?
7
Let i(g) = 2*g**2 - 2*g - 46. Let y be (-5 + 1)/(10/(-55)). What is the units digit of i(y)?
8
Let t = 50 + -46. Suppose 0 = -4*h + z + 13 + 11, -2*h + 26 = -t*z. Suppose -h*v + 3*f + 199 = -f, 4*v - 157 = f. What is the tens digit of v?
3
Suppose 45 = 4*z + 5*x, 0 = -x + 3 + 2. Let h(f) = -133*f + 4. Let s be h(-7). Suppose -z*a + 4*c + s = 0, -3*a - 4*c + 785 = 256. What is the tens digit of a?
8
Suppose 5*d = -6*p + p, 3*p + 15 = 0. Suppose d*k = 3*t + 268, 3*t = -k - 0*k + 50. Suppose -k*a = -51*a - 366. What is the tens digit of a?
8
Suppose -h = -4*d + 44, -15 = -3*d + 2*h + 23. What is the hundreds digit of (d/4)/((-18)/(-9684))?
3
Suppose -23*z = 37*z - 13*z - 1508089. What is the tens digit of z?
8
Let d(q) = -17*q**2 - 4*q + 9. Let i(z) = 237 - 245 + 14*z**2 + 4*z**2 + 3*z. Let a(c) = 2*d(c) + 3*i(c). What is the units digit of a(2)?
6
Suppose -2*h - 5*m + 2*m = -65760, -2*h + 5*m + 65760 = 0. Suppose 24*k - h = 2424. What is the tens digit of k?
7
Let z = 185 - 181. Suppose h - 644 = z*c, 5*h + 7*c - 8*c = 3220. What is the units digit of h?
4
Let j be (-8 - -2 - -15) + -6. Suppose 2 = 2*f - 2, 0 = -j*k - 2*f + 1183. What is the hundreds digit of k?
3
Let v(q) = -4*q + 3*q**2 + 6*q - 3*q + 11*q + 29. What is the tens digit of v(-10)?
2
Let p(g) = -g**3 + 34*g**2 + 16*g - 83. What is the units digit of p(24)?
1
Suppose -5*o + 598 = -m, 0 = -3*o - 2*m + 237 + 114. Suppose -17 = -c + 5*n + 248, -5*c = 5*n - 1265. Let f = c - o. What is the hundreds digit of f?
1
Let p be 105/10*60/35. Let c(m) = 2*m**3 - 37*m**2 + 20*m + 16. What is the units digit of c(p)?
2
Let x = 36 - 44. Let c be 117/(-12) + (18/x - -2). Let j = c - -71. What is the tens digit of j?
6
Suppose 3*n + 142 = 5*n. Let v = 111 - n. Suppose -v*r = -41*r + 116. What is the tens digit of r?
1
Let g(z) = 25*z**2 - 29*z - 10. Let f be g(7). Suppose -4*y - 112 + f = 0. What is the units digit of y?
5
Let k = -351 + 722. Suppose z + 370 = -3*n, 0 = -0*n - 3*n - 2*z - k. Let r = -62 - n. What is the tens digit of r?
6
Let m(w) = w**3 + 15*w**2 - 24*w - 127. Let q be m(-16). What is the units digit of (((-262)/(-6))/q)/(57/2223)?
3
Let y = 21595 + -13864. What is the thousands digit of y?
7
Suppose -3 - 6 = -3*l. Let d be 154 + (-3 + l - 4). What is the units digit of (d/(-4))/((-6)/8)?
0
Let r = 5 - 3. Suppose -r*w = -6*w + 12. Suppose -2*x = 4*o - 337 + 19, 2*o + 493 = w*x. What is the units digit of x?
3
Suppose 3*y - 18121 = -4*n, 3*n + 103*y - 13587 = 102*y. What is the thousands digit of n?
4
Suppose -2*n - 23 = -5*q, -2*q = 5*n - 5 - 10. What is the thousands digit of 86/((6/84)/n) - -2?
1
Let o(x) = -18 + x**2 + x**2 + 22*x - 44*x + 4. Let v be o(13). What is the units digit of (1*v)/((-7)/(1 + -8))?
8
Let r(u) = 5*u**3 + 2*u**2 - 8*u - 1. Suppose 48 = -5*g - 7*g. Let d be (g + -2 + 3)*(-3 - -2). What is the tens digit of r(d)?
2
Let n be 16/(-2)*4/(-8). Suppose -n*b - i = -2745, -i + 2 = 1. What is the tens digit of b?
8
Let g = -11 - -30. Let n be g/(-95) - 292/(-10). Suppose -2*w + 95 + n = 2*b, 2*b + 3*w - 122 = 0. What is the units digit of b?
4
Let i = 29761 + -9390. What is the thousands digit of i?
0
Let l(r) = 8*r**3 + 10*r - 134. What is the hundreds digit of l(7)?
6
Let r(h) = -3*h**3 - 70*h**2 - 12*h + 286. What is the units digit of r(-31)?
1
Let h(q) = -q + 13. Let b be h(9). Suppose o + b*f - f - 188 = 0, 0 = 3*o - 5*f - 592. Let t = 275 - o. What is the units digit of t?
1
Suppose -15*k + 45914 = 5369. Suppose 4*s = 2*q - 1334, -4*q + 13*s = 12*s - k. What is the hundreds digit of q?
6
Suppose -b = -4, 7*b = -2*z + 21720 + 1032. What is the thousands digit of z?
1
Suppose z = -x + 9, x - 4*z + 3 = -13. Suppose 0 = -x*t + 3*j + 2045, -t + 497 = -2*j - 18. What is the units digit of t?
9
Let z(v) = -291*v**3 + v**2 + 2*v + 1. Suppose -9*o = 2 + 7. Let r be z(o). Suppose -r = d - 4*d. What is the tens digit of d?
9
Suppose 47*n - 774540 + 179849 = 0. What is the thousands digit of n?
2
Let b = -743 + 1005. Suppose 0 = b*t - 273*t + 15587. What is the units digit of t?
7
What is the tens digit of ((-7)/1 - 3)/(12/(-1710))?
2
Suppose -11 = -7*j + 24. What is the units digit of (-1 - (-8)/(-4))/((-1)/j)?
5
Let r(x) = 2*x + 42. Let m be r(-19). Suppose -5*d - 5*l = -5, 3*d + m*l = 2*l. What is the tens digit of d/(128/132 - 1)?
6
Suppose -3*d = 17*d. Let c(s) = 11*s**2 - 9*s - 1. Let p be c(7). Suppose 0 = 5*n + 2*k - 0*k - p, -2*n - 4*k + 206 = d. What is the units digit of n?
3
Let p(s) = -4*s - 28. Let t be p(-7). Suppose -6*o + 681 = -3*o - 5*x, -3*o + 2*x + 690 = t. What is the hundreds digit of o?
2
Suppose -3655 = -13*t - 4*t. Suppose 0 = -15*s - t + 2555. What is the tens digit of s?
5
Let h = 357 - 365. What is the hundreds digit of -8 + (999 - 5 - h)?
9
Suppose 18 + 13 = x. Let o = x + -28. Suppose o*j = -j + 276. What is the units digit of j?
9
Suppose 0 = -3*z, -3*w = -5*w + 3*z + 152. Let i = w + -72. Suppose -3*l - 69 = -4*y, 0*l = -i*y + 5*l + 59. What is the tens digit of y?
2
Let t(v) = -10*v**2 + 27*v - 75. Let d(x) = 4*x**2 - 15*x + 37. Let w(l) = -9*d(l) - 4*t(l). What is the tens digit of w(13)?
9
Suppose 2*v + 2*o + 4 + 12 = 0, -3*v - 28 = 4*o. Let g be (-2)/(-5) + 28/5 + v. Suppose -4*w + 62 = 2*l, -5*l + 61 = -2*l - g*w. What is the tens digit of l?
2
Let m(g) = 17*g + 26. Let b(z) = -25*z - 39. Let d be (65/15 + -4)*21. Let x(k) = d*m(k) + 5*b(k). What is the tens digit of x(-9)?
4
Suppose 2*u - 4*m = -4, u + 2 - 12 = -2*m. Suppose 3*b + 2704 = u*x - b, -4*x - 3*b = -2704. What is the units digit of x?
6
Let b(t) = t**3 - 18*t**2 + 14*t + 49. Let p be b(17). What is the units digit of 2/p*-50 - -4?
4
Let m(j) = 1020*j - 293. What is the tens digit of m(1)?
2
Let t = 27524 + -15771. What is the ten thousands digit of t?
1
Suppose 0 = -25*y + 50*y - 664875. Suppose -12605 = -32*d + y. What is the units digit of d?
5
Suppose y = -4*y + 130. Suppose 4*t = -5*a + 53, -4*t - 2*a = -2*t - y. What is the tens digit of ((t/9)/2)/(4/186)?
3
Let j(p) = 2*p - 2. Let o be j(2). Let i(u) = 27*u**3 + 3*u**2 - 5*u. Let l be i(o). Suppose -8*h + 254 + l = 0. What is the tens digit of h?
5
What is the units digit of ((-765)/(-10) - 0)/(1/44)?
6
Let s = -364 - -81. Let y = -60 - s. Suppose -b - 3*h + y = -h, -2*b + h = -446. What is the tens digit of b?
2
Let p(z) = 30*z**2 - 142*z + 7. What is the thousands digit of p(20)?
9
Let u = 2158 + 4271. What